*f + 5. Let n be o(25). Calculate the highest common divisor of n and 10.
10
Let x be 2/10 + 6*219/30. What is the greatest common factor of 110 and x?
22
Let k = 0 + 1. Suppose -8 - k = -3*u. Suppose w - 168 = -u*w. What is the highest common divisor of 28 and w?
14
Let i(c) = -22*c - 24. Let d be i(-4). Calculate the highest common factor of 16 and d.
16
Suppose -5*w - f = -49, 0 = 2*f - 10 + 2. Let z be (-1 + 25)*3/6 - 3. What is the greatest common factor of w and z?
9
Let c(s) = -s**3 - 7*s**2 - 6*s - 9. Let k(x) = -x**2 - 3*x + 3. Let p be k(-5). Let g be c(p). What is the highest common divisor of g and 11?
11
Let t(u) = u. Let j be t(0). Suppose j = -m + 48 + 15. Calculate the highest common divisor of 7 and m.
7
Suppose -w = -2 - 5. What is the greatest common divisor of 77 and w?
7
Let h = -22 + 36. Let n = 43 - -55. What is the greatest common divisor of h and n?
14
Suppose 0 = -3*y + 3*w + 18, 2*y + 0*w - w - 9 = 0. Calculate the greatest common divisor of y and 27.
3
Let q be (-2)/(-9) - (-34)/9. Calculate the greatest common divisor of 16 and q.
4
Let n be (-150)/(-5)*4/6. Calculate the greatest common divisor of 10 and n.
10
Let c(t) = -8*t - 3. Let b be c(-3). Let w = -60 + 123. What is the highest common factor of w and b?
21
Let x(j) = j**2 + 3*j + 15. Let q be x(-6). Calculate the highest common factor of q and 11.
11
Suppose 3*y = 6*y - 81. What is the highest common divisor of 216 and y?
27
Let l = -8 - 33. Let g(t) = t**3 + 5*t**2 - 4*t - 4. Let b be g(-6). Let p = b - l. What is the highest common factor of 10 and p?
5
Let g be 4*(-1 + 2)*4. Let v(n) = 31*n + 1. Let c be (-5)/(-4) - 2/8. Let h be v(c). What is the highest common divisor of g and h?
16
Let y be 1 + (-1 - (-2 - 1)). Suppose -4*d + 20 = -y*d. What is the highest common divisor of 8 and d?
4
Suppose -2*c = -6*c + 120. What is the greatest common divisor of 75 and c?
15
Let f = 68 + -38. Calculate the highest common divisor of f and 20.
10
Let n(b) = -86*b. Let d be n(-1). Calculate the highest common divisor of 215 and d.
43
Suppose -5*f = 5*q, 0*f + 5*q = -f - 20. Let m = f + -3. Let d = 5 + -3. What is the greatest common divisor of m and d?
2
Suppose -4*u = -2*u + 2*w + 12, 0 = -u - 2*w - 10. Let j = 6 + -5. Let p be 0/j + 4 + u. What is the highest common factor of 22 and p?
2
Suppose 16*z - 23*z = -245. Suppose 4 = f - 2. Let u be 3/f*(-56)/(-2). What is the highest common factor of u and z?
7
Let h = 365 - 76. Suppose 121 = -3*c + h. What is the greatest common factor of 8 and c?
8
Let a = -1 - -1. Suppose a*r + 4*r = 3*q - 64, -4*q = 2*r - 100. What is the highest common factor of q and 60?
12
Suppose f - 3*f = -12. Suppose -2*x + f + 0 = 0. What is the greatest common divisor of 3 and x?
3
Suppose -2*h - 2*f + 15 = 3*h, 0 = 4*f. Calculate the greatest common divisor of 15 and h.
3
Let w(o) be the first derivative of 5/2*o**2 + 3 + 2*o. Let q be w(3). Calculate the highest common factor of 34 and q.
17
Let o = 131 + 25. What is the highest common divisor of 52 and o?
52
Let t(f) = -f - 4. Let y be t(-6). Suppose 1 + 0 = -3*w - y*z, 0 = -5*w - 5*z - 10. Calculate the highest common divisor of w and 2.
1
Suppose 0 = 2*s + s + 2*p - 9, p = -3*s + 6. Let q(w) = 2*w**2 - w + 1. Let o be q(s). Calculate the greatest common divisor of 18 and o.
2
Let f = -110 + 164. Let r(d) = -d + 4. Let b be r(4). Let k be (-1 - b)/((-4)/24). Calculate the highest common divisor of k and f.
6
Let y = 306 + -145. Calculate the greatest common divisor of 23 and y.
23
Let n be 0 + 0 + -1 + 11. Suppose d = -2*s + n, -d + 0*d = -s - 7. What is the highest common factor of 56 and d?
8
Let m be 2*(3 - 1/(-2)). What is the greatest common divisor of m and 42?
7
Let p(l) = 1. Let f(c) = -c**2 + c + 3. Let q(a) = f(a) + 2*p(a). Let d be q(0). Let w = 61 - d. What is the greatest common divisor of 8 and w?
8
Let y(l) = l**2 - 3*l + 4. Let n be y(-8). Let s = -59 + n. What is the highest common divisor of s and 3?
3
Let q(y) = 9*y**2 - y + 1. Let f be q(1). Let n be (-4)/6 - (-5 - (-28)/(-6)). What is the highest common divisor of n and f?
9
Suppose -11*w + 64 = -3*w. What is the highest common divisor of 88 and w?
8
Suppose r + 1 = -10. Let o = -2 - r. What is the greatest common divisor of o and 81?
9
Let r be 12/(-9)*45/(-10). Calculate the highest common divisor of r and 2.
2
Let u(t) = t + 2. Let k be u(1). Calculate the greatest common divisor of 21 and k.
3
Let y = 9 + 112. Suppose -22*z + 21*z + 11 = 0. Calculate the greatest common divisor of z and y.
11
Suppose 0 = -c - 10 + 46. Let h = 22 - 10. What is the greatest common divisor of h and c?
12
Suppose 6*g - 440 = 4*g. Calculate the greatest common factor of g and 20.
20
Suppose 0*s - 2*s + 4*x = -30, 4*s - 108 = -4*x. Calculate the greatest common factor of 46 and s.
23
Suppose -3*u + 8*u - 210 = 0. What is the highest common factor of 63 and u?
21
Suppose 0 - 32 = -w. What is the greatest common divisor of 320 and w?
32
Let c be -18*(2 + (-14)/4). Let v be (10/(-3))/((-4)/(-18)). Let z be ((-54)/v)/((-2)/(-10)). What is the greatest common factor of z and c?
9
Suppose -111 = -2*k - g, -2*k + 2*g = 2*k - 210. Calculate the highest common divisor of k and 36.
18
Let i be 519/3 - (-4 - -1). Suppose -4*b + i = -2*b. What is the greatest common factor of 11 and b?
11
Suppose -3*p = 3*a - 42, 5*p = 2*a + p - 22. Let m be (-4 + -3)/(2/(-28)). Let o = -59 + m. What is the highest common factor of o and a?
13
Let b be (-4)/6 + (-6)/(-9). Suppose 5*p - 3*p - 24 = b. What is the greatest common divisor of 12 and p?
12
Suppose f - 481 = 2*g - 191, 0 = 3*f - 4*g - 860. Suppose -265 = -3*y - x, 0*y - 3*y = -2*x - f. What is the highest common factor of y and 18?
18
Let u be -3 + 2 + 8 + -1. What is the greatest common factor of u and 66?
6
Let k(a) be the second derivative of a**5/20 + a**3/6 - a**2 - a. Let f be k(2). Calculate the greatest common divisor of f and 12.
4
Suppose -3*w = 2*w - 90. Suppose -3*u = -w - 60. What is the greatest common divisor of u and 39?
13
Let v = 64 - 28. What is the greatest common divisor of v and 4?
4
Let r = -9 + 13. Suppose -r*s = -2*h - 2*s + 26, h - 4*s = 10. What is the greatest common factor of h and 14?
14
Suppose 2*s + 4 - 16 = 0. Suppose 2 = 2*u - 10. Suppose u*o - 16 = 2*o. What is the greatest common factor of s and o?
2
Let p be 6/(0 + 3) + 2. Suppose p*i = 38 - 2. What is the greatest common divisor of 27 and i?
9
Let f = 23 + 57. Let v be f/(-3)*(-6)/4. Suppose -2*y + v - 10 = 0. Calculate the greatest common divisor of y and 5.
5
Let h(a) be the third derivative of 0*a + 0 + 1/60*a**5 + 1/24*a**4 - a**2 - 1/2*a**3. Let q be h(-3). Calculate the highest common divisor of q and 2.
1
Let t(o) = o**2 + 3*o + 1. Let p be t(2). What is the greatest common divisor of p and 88?
11
Let c be 0/1 + (-10)/(-1). Let d be (4 - 27)/(2/12). Let z = -68 - d. What is the highest common divisor of z and c?
10
Let p be 4/(-10) - 12/(-5). Suppose -p*m - 2*a + 70 = 3*m, -5*m - 3*a + 75 = 0. Calculate the greatest common factor of m and 96.
12
Let x be (116/2)/2 + 0. Let i = x - 19. Calculate the greatest common divisor of i and 110.
10
Let r(o) = o**3 - o**2 + o + 8. Let p be r(4). Calculate the highest common divisor of p and 24.
12
Let v be (4/12)/(1/99). What is the greatest common divisor of v and 165?
33
Let g be (-1448)/(-20) + -3 - (-12)/20. Calculate the highest common divisor of g and 35.
35
Let p = 3 - 0. Suppose 1 = 2*x - p. Suppose 3*c + 69 = x*r, 3*c = -3*r + 2*c + 76. What is the highest common factor of 3 and r?
3
Let u(z) = z**2 - 4. Let x(c) = -2*c**2 - 5*c - 4. Let b be x(-3). Let l be u(b). What is the greatest common divisor of l and 9?
9
Suppose 2*k - 128 = 96. What is the greatest common factor of 14 and k?
14
Let d = -3 - -7. Suppose d*h - 4*p - 28 = 0, h + 3 = -3*p + 2*p. Let m = 7 + -2. What is the greatest common divisor of h and m?
1
Suppose 0 = -2*q + 2*f - 134, -172 = 4*q + 2*f + 78. Let d be (q/(-3))/(6/9). What is the greatest common factor of d and 32?
32
Let u be (2 - -1) + (-1 - -3) + 0. Calculate the greatest common factor of u and 1.
1
Let q = 7 - 0. Suppose 0 = 3*r - q*r + 192. Calculate the greatest common divisor of 72 and r.
24
Let k(r) = -r**2 + 14*r - 12. Let c 